
Suppose 36*l - 37755 = 12*l + 9*l. Calculate the greatest common factor of l and 9.
3
Suppose 0 = -4*m + 32*w - 27*w + 757, -4*w = -3*m + 566. Calculate the highest common divisor of m and 1854.
18
Let n be -228*(69/(-9) - 5). What is the greatest common divisor of 304 and n?
152
Let l(j) = -j**3 + 3*j**2 + 19*j + 148. Let v be l(0). Calculate the highest common factor of v and 777.
37
Suppose 14*p = 17*p - 72. Suppose 4*x + 16*x - 800 = 0. Calculate the highest common factor of p and x.
8
Let d be 1/3*(-18)/(-3). Let x = 5 - d. Suppose -125*o + 120*o = -2*f - 53, -5*o + 49 = -f. What is the greatest common divisor of x and o?
3
Let t = 673 - 1208. Let j = t - -547. What is the greatest common factor of 16 and j?
4
Let f(o) = -5*o**2 - 246*o + 40. Let n be f(-42). Calculate the highest common divisor of 32 and n.
16
Let c = 19621 - 18273. Calculate the highest common factor of c and 12.
4
Let j = 6 - 10. Let g be 6/24 - 11/j. Suppose -2*r = 5*u - 171, 32 = 2*u - 5*r - 19. What is the highest common divisor of g and u?
3
Suppose -6689*o - 2*c = -6686*o - 3484, 3*c + 3519 = 3*o. Calculate the highest common factor of 954 and o.
106
Let z be 3 - ((-76993)/(-153) - (-2)/(-9)). Let a be (6 - -2)/((-8)/z). Calculate the highest common divisor of a and 50.
50
Suppose 1134*i = 1252*i - 259128. Calculate the highest common factor of 610 and i.
122
Let h = -52 - -96. Let v = -43 + h. Let q be v - (-6)/(12/26). What is the highest common divisor of q and 7?
7
Let a(t) = 162*t + 31. Let l be a(3). Let c = -61 + l. Calculate the highest common factor of c and 57.
57
Suppose 5*f - 42 = -n, -2*n - 22 + 142 = -2*f. What is the highest common factor of n and 11571?
57
Let k(p) = 434*p**2 + 48*p + 100. Let m be k(-2). What is the highest common factor of 90 and m?
30
Let o(d) = d**3 + 9*d**2 + 16. Let v be o(-9). Let z be -16*(4/8 + (3 - 4)). What is the highest common divisor of z and v?
8
Let m(g) = -6*g - 60. Let h be (-2)/(3 + (-192)/66). Let k be m(h). Calculate the greatest common factor of k and 576.
72
Let c = 22 - -22. Let n = -206634 + 206766. What is the highest common factor of c and n?
44
Let c(t) = -t**2 - 556*t - 8631. Let v be c(-16). Suppose -3*i - 2*d = -233, -i + 3*d + 18 + 78 = 0. What is the highest common factor of v and i?
9
Suppose 2*u = -3*i + 192, 2*u - i + 204 - 404 = 0. Let h(d) = 2*d + 12. Let b be h(-10). Let c be (-6)/(b/36*3). What is the greatest common factor of c and u?
9
Let s(n) = -n**3 - 25*n**2 - 39. Let q be s(-25). Let p be (-1430)/q*(-6)/(-4). Let w be 4/(-22) + 1220/p. Calculate the greatest common divisor of w and 2.
2
Let m = -24 - -1. Let b = 7 - m. Let o be ((-136)/(-32) - 2)*(-8)/(-3). Calculate the greatest common divisor of b and o.
6
Suppose r = -3*r + c - 44, 0 = -3*c + 12. Let h be -1 + (-340)/8*32/r. What is the greatest common factor of 90 and h?
45
Let i = 9717 + -9702. Calculate the highest common divisor of i and 1205.
5
Suppose 523 = 138*g + 1627. Suppose 3*s + 25 = 5*y, 4*y = 3*y - 5*s - 23. Let u be 8*g*(-1)/y. What is the highest common factor of 8 and u?
8
Let m(b) = b**2 + b + 2. Let y be m(-1). Suppose -q + 3*t = 30, -y*t - 25 = -0*q + q. Let a be -7*(3 - q/(-7)). What is the greatest common divisor of 2 and a?
2
Let o = -32 - -144. Let r = -33 - -129. What is the highest common factor of o and r?
16
Let c be 333549/180 - 12/240. Calculate the highest common factor of c and 654.
109
Suppose 57*c = 63*c - 330. Let k = 22 + -16. Suppose -3*u = -72 + k. Calculate the greatest common divisor of u and c.
11
Let b = -2402 + 3248. Calculate the highest common divisor of 90 and b.
18
Suppose -4*s + 6203*i - 6204*i + 34685 = 0, -3*s + 26015 = i. Calculate the highest common divisor of s and 10.
10
Let a be ((-4)/(-8))/(1/1190). Let g be a/34*12/7. What is the greatest common factor of 20 and g?
10
Suppose -4*s + 140 = -0*s - 5*h, -138 = -5*s - 3*h. Let a(q) = -2297*q - 25147. Let v be a(-11). Calculate the greatest common factor of v and s.
30
Let f = 16 + 1. Let c = f + -17. Suppose -g + 29 - 3 = c. What is the highest common factor of g and 26?
26
Let j be (-6)/(-8) + 1806/24 + 2. Let l = j - 82. Let h be -6 - -3 - (l - 95). Calculate the highest common divisor of h and 144.
48
Let q = 18 + -16. Suppose 0 = -q*z + 5*u - 3*u + 76, 0 = 2*z + 4*u - 82. Let h be (117/(-15))/(2*(-3)/30). What is the highest common factor of h and z?
39
Suppose 6450*h - 1274 = 6424*h. Let n(y) = 2*y**3 + 5*y**2 + 2*y + 7. Let q be n(5). What is the highest common divisor of h and q?
49
Let w(i) = i**2 - 2*i - 4. Let z be w(-3). Let r = 298 - 290. Suppose 57 = r*f - 295. What is the greatest common divisor of z and f?
11
Let l be ((-264306)/696)/(18/(-8) - -2). Calculate the greatest common factor of 14 and l.
7
Let c be (3 - 1)*15*7/10. Let i(l) = 11*l**3 - 3*l**2 - 2*l + 3. Let w be i(4). What is the highest common factor of w and c?
21
Let q = -172 - -172. Suppose -4*x + 4*h = -72, q*x - x + 14 = h. Calculate the greatest common factor of x and 312.
8
Let u(x) = 62*x + 8. Let k be u(1). Let d be (-1919)/(-11) - (-12)/22. Calculate the greatest common divisor of d and k.
35
Suppose -21*n - 5398435 = -232*n. Calculate the greatest common divisor of n and 17.
17
Let q = 258 + -273. Let r be (-44)/(-330) - 3688/q. What is the highest common factor of r and 6?
6
Let d(x) = -6*x - 4 + x - 6. Let l(g) = 5*g**3 - g**2 + 1. Let b be l(-1). Let s be d(b). What is the highest common factor of 10 and s?
5
Suppose 8*y + 8*g = 9*y - 15769, 3*y - 47192 = g. What is the greatest common factor of y and 214?
107
Let h be 7/(19 - 5)*1698. Suppose 225 = -a + h. Calculate the greatest common divisor of 39 and a.
39
Let w = 7 + 2. Let l(j) = j**3 - 4*j**2 + j + 378. Let d be l(0). Let c = d - 351. What is the highest common factor of w and c?
9
Let u(b) = -2*b**2 + 17*b - 39. Let s be u(3). Let d(n) = 17*n**2 + 70*n - 18. Let g be d(s). What is the highest common divisor of g and 783?
87
Let j(t) = 3*t**2 - 13*t + 26. Suppose -20 = -0*o - 10*o. Let y be j(o). What is the greatest common divisor of y and 54?
6
Let a = -110 - -115. Let b be 382/3 + a/(-22 - -7). Let p = b + -65. What is the greatest common factor of p and 93?
31
Let p be -3 - (3/(-2))/((-7)/(-14)). Let t be 82 + p + (8 - 0). Calculate the highest common divisor of 50 and t.
10
Let d = -4113 - 2547. Let s be d/(-25) - 18/45. Calculate the greatest common factor of 38 and s.
38
Suppose 2*y - s - 98 = 0, 0*y - 2*y + 94 = s. Suppose -2*t = -5*i + 68 - 23, 3*i = -3*t + y. Let l = -37 - -70. What is the greatest common divisor of i and l?
11
Let d be -1 + -199 - (-162)/(-27). Let p = d + 223. Calculate the greatest common divisor of 34 and p.
17
Let t(n) = 7*n + 110. Suppose 19*w - 24 = 21*w. Let b be t(w). Calculate the highest common divisor of b and 117.
13
Let f = 19 - -3. Let u = -616 - -902. What is the greatest common factor of u and f?
22
Let s(w) = w**3 + 57*w**2 + 60*w + 233. Suppose 5*y + 7*f = 6*f - 280, 4*y = 4*f - 224. Let h be s(y). What is the greatest common factor of h and 243?
9
Let l(z) = -328*z - 2555. Let f be l(-8). Calculate the highest common divisor of 141 and f.
3
Suppose -5440 = -51*x + 1904. What is the greatest common divisor of 28128 and x?
48
Let c be (-4 - (-26 - -4))/(-1). Let p be (-3)/5*(c/(-2) - 134). Calculate the highest common divisor of p and 135.
15
Let m be (37 - -91) + -2 + 0. Let j = 56 - 28. What is the greatest common factor of j and m?
14
Let w(c) = -3*c**3 + 56*c**2 - 30*c - 27. Let s be 4/24*6 - -17. Let j be w(s). What is the greatest common divisor of j and 54?
27
Suppose 224*g - 214*g = 5060. Let d = g + -494. What is the highest common factor of 156 and d?
12
Let j(h) = -19*h + 2. Let s be j(-4). Let x(z) = -7*z. Let n be x(6). Let r = n + s. Calculate the highest common factor of 252 and r.
36
Let i(b) = 86*b - 745. Let t be i(20). Calculate the greatest common factor of t and 78.
39
Suppose -28 = -18*r + 8. Suppose -r*d + 4*d = 5*d. Suppose d = 26*u - 25*u - 34. What is the greatest common divisor of u and 68?
34
Suppose 0 = 16*d - 6635 + 1451. Calculate the greatest common factor of d and 40.
4
Let s(y) = 11*y + 394. Let o be s(-30). Calculate the highest common divisor of 592 and o.
16
Suppose 117150*z - 116987*z - 18256 = 0